mmon factor of 275171 and 11336143?
4511
Calculate the highest common divisor of 1012384 and 3060.
68
What is the highest common factor of 115563234 and 438?
438
Calculate the highest common factor of 448233199 and 38.
19
What is the greatest common divisor of 789093389 and 382?
191
What is the highest common factor of 1375182 and 81?
9
Calculate the highest common factor of 523056 and 6156164.
2564
Calculate the highest common divisor of 43344 and 15451233.
903
What is the highest common divisor of 51340 and 82280?
340
What is the highest common divisor of 610 and 184254221?
61
What is the greatest common divisor of 79035993 and 213?
213
What is the greatest common factor of 175066 and 548454?
646
What is the greatest common divisor of 126 and 1501626?
42
Calculate the highest common factor of 2958 and 193473906.
2958
Calculate the greatest common factor of 237 and 61815999.
237
What is the greatest common divisor of 19023 and 3633766?
373
Calculate the greatest common factor of 3 and 10478766.
3
Calculate the greatest common factor of 16897645 and 79165.
355
Calculate the greatest common factor of 63405 and 11511530.
7045
Calculate the highest common factor of 520064 and 4369.
17
Calculate the highest common divisor of 85936 and 865648.
2096
Calculate the greatest common divisor of 71929 and 22858.
11
What is the highest common divisor of 216 and 48113532?
36
What is the greatest common factor of 7325 and 1345749?
293
Calculate the greatest common factor of 32722875 and 2295.
765
Calculate the highest common factor of 24 and 8513412.
12
What is the highest common divisor of 1766536 and 17102?
1006
What is the highest common divisor of 46637877 and 195?
39
What is the highest common divisor of 296891862 and 699?
699
What is the greatest common factor of 2350 and 9626258?
94
What is the highest common divisor of 1604556 and 23628?
2148
Calculate the greatest common divisor of 1183978 and 7336.
262
What is the highest common factor of 9448223 and 437863?
2531
Calculate the greatest common divisor of 4239296 and 16.
16
Calculate the highest common factor of 739257050 and 1621.
1621
Calculate the highest common divisor of 34226 and 10343882.
218
What is the highest common divisor of 211 and 256538653?
211
Calculate the highest common factor of 312015 and 5589300.
465
Calculate the greatest common factor of 6613620 and 84.
12
Calculate the greatest common divisor of 4446 and 968886.
342
Calculate the highest common divisor of 1387577 and 370833.
1741
What is the greatest common divisor of 1104 and 382086?
6
What is the greatest common factor of 9512 and 236718010?
2378
What is the greatest common divisor of 3 and 14581656?
3
What is the greatest common factor of 237726 and 236034?
846
Calculate the greatest common divisor of 4959 and 249226.
29
Calculate the greatest common factor of 366 and 109949938.
122
What is the greatest common divisor of 498458089 and 73?
73
Calculate the highest common factor of 5520 and 6583600.
80
Calculate the highest common divisor of 1942 and 25388737.
971
Calculate the greatest common factor of 1790583 and 24.
3
Calculate the greatest common factor of 3313975 and 37221.
653
Calculate the greatest common factor of 11098620 and 14105.
2015
What is the greatest common divisor of 6152415 and 62?
31
What is the highest common factor of 28044 and 740658?
114
Calculate the highest common divisor of 745213931 and 22.
11
What is the highest common divisor of 3711106 and 154?
14
What is the greatest common divisor of 484 and 7697052?
484
What is the greatest common factor of 52312471 and 863?
863
Calculate the greatest common factor of 25416 and 1224.
72
Calculate the highest common divisor of 17665 and 85102904.
3533
What is the greatest common factor of 1111790 and 3714970?
730
What is the greatest common factor of 675014 and 2477746?
4042
Calculate the highest common divisor of 33549756 and 244.
244
What is the highest common factor of 806 and 116529062?
806
Calculate the highest common factor of 715771 and 602.
7
What is the highest common divisor of 60517785 and 2385?
795
Calculate the highest common divisor of 197147003 and 227.
227
Calculate the highest common factor of 10330110 and 168.
42
What is the greatest common divisor of 60264 and 2449992?
744
Calculate the highest common divisor of 663 and 4460919.
51
What is the highest common factor of 17600 and 62664800?
8800
What is the greatest common factor of 572907 and 589?
19
Calculate the highest common factor of 4870 and 158103576.
974
Calculate the greatest common divisor of 1236600 and 294036.
2748
Calculate the highest common factor of 3798 and 86357658.
1266
Calculate the highest common factor of 98175 and 5659.
1
Calculate the greatest common divisor of 5390109 and 6207858.
8793
What is the greatest common divisor of 52826392 and 24?
8
What is the greatest common factor of 2265 and 206553957?
453
What is the greatest common factor of 80 and 27547?
1
Calculate the highest common divisor of 710908 and 1445356.
4708
Calculate the highest common divisor of 104 and 13415.
1
Calculate the greatest common factor of 10812 and 17946849.
51
Calculate the greatest common divisor of 52113264 and 672.
336
What is the highest common factor of 659548 and 48709?
67
Calculate the greatest common divisor of 15353 and 871.
13
Calculate the greatest common factor of 1501133 and 50901.
893
Calculate the greatest common divisor of 5869870 and 48106.
134
What is the greatest common factor of 476 and 71911?
7
What is the greatest common divisor of 610458 and 3408?
426
Calculate the highest common divisor of 4705844 and 403556.
1732
What is the highest common factor of 35867547 and 387?
387
What is the greatest common divisor of 12859 and 15169?
77
Calculate the greatest common divisor of 1388 and 308905993.
347
Calculate the greatest common divisor of 999507 and 1899.
633
What is the greatest common divisor of 2748564 and 724542?
546
What is the greatest common divisor of 18 and 850389?
3
What is the greatest common divisor of 21393183 and 63?
21
What is the greatest common factor of 41326053 and 2103?
2103
Calculate the greatest common divisor of 3288 and 73432.
1096
What is the highest common factor of 37293 and 1184851?
31
Calculate the highest common divisor of 131821170 and 61971.
8853
Calculate the greatest common factor of 1361704685 and 22.
11
Calculate the greatest common factor of 532 and 3907.
1
What is the highest common divisor of 510673 and 270499?
1213
Calculate the greatest common divisor of 7213 and 283896467.
7213
Calculate the highest common divisor of 157881975 and 750.
75
What is the greatest common divisor of 11857554 and 1116?
18
Calculate the highest common divisor of 344939 and 1456.
7
Calculate the highest common divisor of 42045360 and 696.
696
What is the highest common factor of 262 and 29961796?
262
Calculate the highest common factor of 192 and 652623040.
64
Calculate the greatest common divisor of 630 and 1898280.
90
Calculate the greatest common factor of 29137077 and 202581.
4941
Calculate the greatest common factor of 8810 and 6290.
10
What is the highest common factor of 2480476 and 55519?
941
Calculate the greatest common divisor of 2363535 and 265.
265
Calculate the highest common divisor of 12 and 61812084.
12
Calculate the highest common factor of 216631100 and 108004.
8308
What is the highest common divisor of 8160 and 109188?
12
Calculate the greatest common divisor of 77143959 and 360.
9
Calculate the highest common factor of 9530 and 7970.
10
What is the highest common factor of 17368 and 34658?
26
Calculate the highest common divisor of 2907 and 2999511.
171
What is the greatest common divisor of 436 and 19436444?
436
Calculate the greatest common divisor of 164768974 and 4997.
263
Calculate the highest common divisor of 70 and 14527670.
10
What is the greatest common factor of 2691126 and 4?
2
Calculate the highest common factor of 691284 and 9636.
132
What is the greatest common factor of 16626 and 1925682?
978
Calculate the greatest common factor of 97013360 and 11135.
655
Calculate the greatest common factor of 747293 and 667.
23
Calculate the highest common factor of 646860 and 10395.
15
What is the highest common factor of 6849 an